{"id":134,"date":"2023-08-25T08:21:29","date_gmt":"2023-08-25T11:21:29","guid":{"rendered":"https:\/\/rrhhjustucuman.com.ar\/site\/?page_id=134"},"modified":"2026-03-20T10:13:02","modified_gmt":"2026-03-20T13:13:02","slug":"institucional","status":"publish","type":"page","link":"https:\/\/rrhhjustucuman.com.ar\/site\/institucional\/","title":{"rendered":"Institucional"},"content":{"rendered":"\n<div class=\"wp-block-group\"><div class=\"wp-block-group__inner-container is-layout-constrained wp-block-group-is-layout-constrained\">\n<div class=\"wp-block-columns is-layout-flex wp-container-core-columns-is-layout-9d6595d7 wp-block-columns-is-layout-flex\">\n<div class=\"wp-block-column is-layout-flow wp-block-column-is-layout-flow\">\n<div class=\"wp-block-cover has-custom-content-position is-position-bottom-center animated backInLeft\" style=\"min-height:250px;aspect-ratio:unset;\"><img loading=\"lazy\" decoding=\"async\" width=\"2560\" height=\"1916\" class=\"wp-block-cover__image-background wp-image-394\" alt=\"\" src=\"https:\/\/rrhhjustucuman.com.ar\/site\/wp-content\/uploads\/2023\/08\/Mision-scaled.jpg\" data-object-fit=\"cover\" srcset=\"https:\/\/rrhhjustucuman.com.ar\/site\/wp-content\/uploads\/2023\/08\/Mision-scaled.jpg 2560w, https:\/\/rrhhjustucuman.com.ar\/site\/wp-content\/uploads\/2023\/08\/Mision-300x225.jpg 300w, https:\/\/rrhhjustucuman.com.ar\/site\/wp-content\/uploads\/2023\/08\/Mision-1024x767.jpg 1024w, https:\/\/rrhhjustucuman.com.ar\/site\/wp-content\/uploads\/2023\/08\/Mision-768x575.jpg 768w, https:\/\/rrhhjustucuman.com.ar\/site\/wp-content\/uploads\/2023\/08\/Mision-1536x1150.jpg 1536w, https:\/\/rrhhjustucuman.com.ar\/site\/wp-content\/uploads\/2023\/08\/Mision-2048x1533.jpg 2048w, https:\/\/rrhhjustucuman.com.ar\/site\/wp-content\/uploads\/2023\/08\/Mision-600x449.jpg 600w\" sizes=\"auto, (max-width: 2560px) 100vw, 2560px\" \/><span aria-hidden=\"true\" class=\"wp-block-cover__background has-background-dim\"><\/span><div class=\"wp-block-cover__inner-container is-layout-constrained wp-block-cover-is-layout-constrained\">\n<div class=\"wp-block-group\"><div class=\"wp-block-group__inner-container is-layout-constrained wp-block-group-is-layout-constrained\">\n<p class=\"has-text-align-center color: #FFFFFF has-large-font-size\"><a href=\"#mision\" style=\"text-decoration: none; color:white;\">Misi\u00f3n<\/a><\/p>\n<\/div><\/div>\n<\/div><\/div>\n<\/div>\n\n\n\n<div class=\"wp-block-column is-layout-flow wp-block-column-is-layout-flow\">\n<div class=\"wp-block-cover has-custom-content-position is-position-bottom-center animated backInLeft\" style=\"min-height:250px;aspect-ratio:unset;\"><img loading=\"lazy\" decoding=\"async\" width=\"2560\" height=\"2189\" class=\"wp-block-cover__image-background wp-image-402\" alt=\"\" src=\"https:\/\/rrhhjustucuman.com.ar\/site\/wp-content\/uploads\/2023\/08\/mision-1-scaled.jpg\" style=\"object-position:35% 47%\" data-object-fit=\"cover\" data-object-position=\"35% 47%\" srcset=\"https:\/\/rrhhjustucuman.com.ar\/site\/wp-content\/uploads\/2023\/08\/mision-1-scaled.jpg 2560w, https:\/\/rrhhjustucuman.com.ar\/site\/wp-content\/uploads\/2023\/08\/mision-1-300x257.jpg 300w, https:\/\/rrhhjustucuman.com.ar\/site\/wp-content\/uploads\/2023\/08\/mision-1-1024x876.jpg 1024w, https:\/\/rrhhjustucuman.com.ar\/site\/wp-content\/uploads\/2023\/08\/mision-1-768x657.jpg 768w, https:\/\/rrhhjustucuman.com.ar\/site\/wp-content\/uploads\/2023\/08\/mision-1-1536x1313.jpg 1536w, https:\/\/rrhhjustucuman.com.ar\/site\/wp-content\/uploads\/2023\/08\/mision-1-2048x1751.jpg 2048w, https:\/\/rrhhjustucuman.com.ar\/site\/wp-content\/uploads\/2023\/08\/mision-1-600x513.jpg 600w\" sizes=\"auto, (max-width: 2560px) 100vw, 2560px\" \/><span aria-hidden=\"true\" class=\"wp-block-cover__background has-background-dim\"><\/span><div class=\"wp-block-cover__inner-container is-layout-constrained wp-block-cover-is-layout-constrained\">\n<p class=\"has-text-align-center has-large-font-size\"><a href=\"#vision\" data-type=\"internal\" data-id=\"#vision\" style=\"text-decoration: none; color:white;\">Visi\u00f3n<\/a><\/p>\n<\/div><\/div>\n<\/div>\n\n\n\n<div class=\"wp-block-column is-layout-flow wp-block-column-is-layout-flow\">\n<div class=\"wp-block-cover has-custom-content-position is-position-bottom-center animated backInLeft\" style=\"min-height:250px;aspect-ratio:unset;\"><img loading=\"lazy\" decoding=\"async\" width=\"2560\" height=\"1707\" class=\"wp-block-cover__image-background wp-image-406\" alt=\"\" src=\"https:\/\/rrhhjustucuman.com.ar\/site\/wp-content\/uploads\/2023\/08\/Valores1-copia-scaled.jpg\" data-object-fit=\"cover\" srcset=\"https:\/\/rrhhjustucuman.com.ar\/site\/wp-content\/uploads\/2023\/08\/Valores1-copia-scaled.jpg 2560w, https:\/\/rrhhjustucuman.com.ar\/site\/wp-content\/uploads\/2023\/08\/Valores1-copia-300x200.jpg 300w, https:\/\/rrhhjustucuman.com.ar\/site\/wp-content\/uploads\/2023\/08\/Valores1-copia-1024x683.jpg 1024w, https:\/\/rrhhjustucuman.com.ar\/site\/wp-content\/uploads\/2023\/08\/Valores1-copia-768x512.jpg 768w, https:\/\/rrhhjustucuman.com.ar\/site\/wp-content\/uploads\/2023\/08\/Valores1-copia-1536x1024.jpg 1536w, https:\/\/rrhhjustucuman.com.ar\/site\/wp-content\/uploads\/2023\/08\/Valores1-copia-2048x1365.jpg 2048w, https:\/\/rrhhjustucuman.com.ar\/site\/wp-content\/uploads\/2023\/08\/Valores1-copia-930x620.jpg 930w, https:\/\/rrhhjustucuman.com.ar\/site\/wp-content\/uploads\/2023\/08\/Valores1-copia-600x400.jpg 600w\" sizes=\"auto, (max-width: 2560px) 100vw, 2560px\" \/><span aria-hidden=\"true\" class=\"wp-block-cover__background has-background-dim\"><\/span><div class=\"wp-block-cover__inner-container is-layout-constrained wp-block-cover-is-layout-constrained\">\n<p class=\"has-text-align-center color: #FFFFFF has-nv-site-bg-color has-text-color has-large-font-size\"><a href=\"#valores\" style=\"text-decoration: none; color:white;\">Valores<\/a><\/p>\n<\/div><\/div>\n<\/div>\n<\/div>\n\n\n\n<div class=\"wp-block-columns is-layout-flex wp-container-core-columns-is-layout-9d6595d7 wp-block-columns-is-layout-flex\">\n<div class=\"wp-block-column is-layout-flow wp-block-column-is-layout-flow\">\n<div class=\"wp-block-cover is-light has-custom-content-position is-position-bottom-center animated backInLeft\" style=\"min-height:250px;aspect-ratio:unset;\"><img loading=\"lazy\" decoding=\"async\" width=\"2560\" height=\"2020\" class=\"wp-block-cover__image-background wp-image-508\" alt=\"\" src=\"https:\/\/rrhhjustucuman.com.ar\/site\/wp-content\/uploads\/2023\/08\/objetivos13-scaled.jpg\" data-object-fit=\"cover\" srcset=\"https:\/\/rrhhjustucuman.com.ar\/site\/wp-content\/uploads\/2023\/08\/objetivos13-scaled.jpg 2560w, https:\/\/rrhhjustucuman.com.ar\/site\/wp-content\/uploads\/2023\/08\/objetivos13-300x237.jpg 300w, https:\/\/rrhhjustucuman.com.ar\/site\/wp-content\/uploads\/2023\/08\/objetivos13-1024x808.jpg 1024w, https:\/\/rrhhjustucuman.com.ar\/site\/wp-content\/uploads\/2023\/08\/objetivos13-768x606.jpg 768w, https:\/\/rrhhjustucuman.com.ar\/site\/wp-content\/uploads\/2023\/08\/objetivos13-1536x1212.jpg 1536w, https:\/\/rrhhjustucuman.com.ar\/site\/wp-content\/uploads\/2023\/08\/objetivos13-2048x1616.jpg 2048w, https:\/\/rrhhjustucuman.com.ar\/site\/wp-content\/uploads\/2023\/08\/objetivos13-600x473.jpg 600w\" sizes=\"auto, (max-width: 2560px) 100vw, 2560px\" \/><span aria-hidden=\"true\" class=\"wp-block-cover__background has-background-dim\"><\/span><div class=\"wp-block-cover__inner-container is-layout-constrained wp-block-cover-is-layout-constrained\">\n<p class=\"has-text-align-center color: #FFFFFF has-nv-site-bg-color has-text-color has-large-font-size\"><a href=\"#objetivos-generales\" style=\"text-decoration: none; color:white;\">Objetivos generales<\/a><\/p>\n<\/div><\/div>\n<\/div>\n\n\n\n<div class=\"wp-block-column is-layout-flow wp-block-column-is-layout-flow\">\n<div class=\"wp-block-cover is-light has-custom-content-position is-position-bottom-center animated backInLeft\" style=\"min-height:250px;aspect-ratio:unset;\"><img loading=\"lazy\" decoding=\"async\" width=\"681\" height=\"533\" class=\"wp-block-cover__image-background wp-image-602\" alt=\"\" src=\"https:\/\/rrhhjustucuman.com.ar\/site\/wp-content\/uploads\/2023\/08\/logo2.jpeg\" data-object-fit=\"cover\" srcset=\"https:\/\/rrhhjustucuman.com.ar\/site\/wp-content\/uploads\/2023\/08\/logo2.jpeg 681w, https:\/\/rrhhjustucuman.com.ar\/site\/wp-content\/uploads\/2023\/08\/logo2-300x235.jpeg 300w\" sizes=\"auto, (max-width: 681px) 100vw, 681px\" \/><span aria-hidden=\"true\" class=\"wp-block-cover__background has-background-dim\"><\/span><div class=\"wp-block-cover__inner-container is-layout-constrained wp-block-cover-is-layout-constrained\">\n<p class=\"has-text-align-center color: #FFFFFF has-nv-light-bg-color has-text-color has-large-font-size\"><a href=\"#logo\" style=\"text-decoration: none; color:white;\">Logo<\/a><\/p>\n<\/div><\/div>\n<\/div>\n\n\n\n<div class=\"wp-block-column is-layout-flow wp-block-column-is-layout-flow\">\n<div class=\"wp-block-cover is-light has-custom-content-position is-position-bottom-center animated backInLeft\" style=\"min-height:250px;aspect-ratio:unset;\"><img loading=\"lazy\" decoding=\"async\" width=\"400\" height=\"267\" class=\"wp-block-cover__image-background wp-image-543\" alt=\"\" src=\"https:\/\/rrhhjustucuman.com.ar\/site\/wp-content\/uploads\/2023\/08\/estructura3.jpeg\" data-object-fit=\"cover\" srcset=\"https:\/\/rrhhjustucuman.com.ar\/site\/wp-content\/uploads\/2023\/08\/estructura3.jpeg 400w, https:\/\/rrhhjustucuman.com.ar\/site\/wp-content\/uploads\/2023\/08\/estructura3-300x200.jpeg 300w\" sizes=\"auto, (max-width: 400px) 100vw, 400px\" \/><span aria-hidden=\"true\" class=\"wp-block-cover__background has-background-dim\"><\/span><div class=\"wp-block-cover__inner-container is-layout-constrained wp-block-cover-is-layout-constrained\">\n<p class=\"has-text-align-center color: #FFFFFF has-nv-light-bg-color has-text-color has-large-font-size\"><a href=\"#estructura\" style=\"text-decoration: none; color:white;\">Estructura<\/a><\/p>\n<\/div><\/div>\n<\/div>\n<\/div>\n<\/div><\/div>\n\n\n\n<div class=\"wp-block-group alignwide is-vertical is-layout-flex wp-container-core-group-is-layout-8cf370e7 wp-block-group-is-layout-flex\">\n<div style=\"height:44px\" aria-hidden=\"true\" class=\"wp-block-spacer wp-container-content-442e7b1a\"><\/div>\n\n\n\n<p><\/p>\n\n\n\n<h3 class=\"wp-block-heading has-text-align-center\" id=\"mision\">Misi\u00f3n<\/h3>\n\n\n\n<p class=\"has-medium-font-size\">Incorporar, integrar, guiar y motivar a los\/las integrantes del Poder Judicial de Tucum\u00e1n, fomentando el bienestar y la realizaci\u00f3n personal y profesional, para as\u00ed lograr un aporte positivo al servicio de justicia.<\/p>\n\n\n\n<hr class=\"wp-block-separator has-text-color has-alpha-channel-opacity has-background is-style-wide\" style=\"background-color:#e47521;color:#e47521\"\/>\n\n\n\n<h3 class=\"wp-block-heading has-text-align-center\" id=\"vision\">Visi\u00f3n<\/h3>\n\n\n\n<p class=\"has-medium-font-size\">Ser en el a\u00f1o 2030 una Direcci\u00f3n de referencia nacional, l\u00edder en la implementaci\u00f3n de pol\u00edticas de Recursos Humanos con perspectiva integral, inclusiva e innovadora, en pos de brindar un servicio de justicia de excelencia.<\/p>\n\n\n\n<p><\/p>\n\n\n\n<p><\/p>\n\n\n\n<hr class=\"wp-block-separator has-text-color has-alpha-channel-opacity has-background is-style-wide\" style=\"background-color:#e47521;color:#e47521\"\/>\n\n\n\n<h3 class=\"wp-block-heading has-text-align-center\" id=\"valores\">Valores<\/h3>\n\n\n\n<p class=\"has-medium-font-size\"><strong>Comunicaci\u00f3n:<\/strong>&nbsp;promover el intercambio de pensamientos, ideas y sentimientos con las personas que nos rodean, en un ambiente de cordialidad . Buscar el enriquecimiento personal y profesional.<\/p>\n\n\n\n<p class=\"has-medium-font-size\"><strong>Compromiso:<\/strong>&nbsp;cumplir con responsabilidad nuestro trabajo, buscando la mejora permanente.<\/p>\n\n\n\n<p class=\"has-medium-font-size\"><strong>Empat\u00eda:<\/strong>&nbsp;valorar la propia perspectiva, como la del otro, en b\u00fasqueda de beneficios mutuos desde el respeto.<\/p>\n\n\n\n<p class=\"has-medium-font-size\"><strong>Transparencia y \u00c9tica: <\/strong>comunicar de manera clara, trabajar con honestidad e integridad profesional, validando el cumplimiento de los requisitos legales que corresponda aplicar.<\/p>\n\n\n\n<p class=\"has-medium-font-size\"><strong>Respeto:<\/strong>&nbsp;aceptar la diversidad. Reconocer y valorar a todas las personas, sus opiniones y cualidades.<\/p>\n\n\n\n<p class=\"has-medium-font-size\"><strong>Trabajo en equipo:<\/strong>&nbsp;trabajar juntos\/as hacia los objetivos propuestos, con el aporte y colaboraci\u00f3n de cada integrante y el intercambio de buenas pr\u00e1cticas.<\/p>\n\n\n\n<p><\/p>\n\n\n\n<p><\/p>\n\n\n\n<hr class=\"wp-block-separator has-text-color has-alpha-channel-opacity has-background is-style-wide\" style=\"background-color:#e47521;color:#e47521\"\/>\n\n\n\n<h3 class=\"wp-block-heading has-text-align-center\" id=\"objetivos-generales\">Objetivos generales<\/h3>\n\n\n\n<ul class=\"wp-block-list\">\n<li class=\"has-medium-font-size\">Brindar un servicio profesional, atendiendo todas las consultas de manera adecuada, dando asesoramiento y soluciones acordes a cada situaci\u00f3n.<\/li>\n\n\n\n<li class=\"has-medium-font-size\">Promover la comunicaci\u00f3n y el di\u00e1logo entre todos los\/las integrantes del Poder Judicial.<\/li>\n\n\n\n<li class=\"has-medium-font-size\">Gestionar las relaciones con el personal de manera de lograr coherencia entre las necesidades individuales e institucionales.<\/li>\n\n\n\n<li class=\"has-medium-font-size\">Optimizar los procedimientos internos para los ingresos, traslados y ascensos del personal.<\/li>\n\n\n\n<li class=\"has-medium-font-size\">Vincular las pr\u00e1cticas modernas de Recursos Humanos con los avances tecnol\u00f3gicos a fin de lograr la mejora continua de la oficina.<\/li>\n<\/ul>\n\n\n\n<p><\/p>\n\n\n\n<p><\/p>\n\n\n\n<hr class=\"wp-block-separator has-text-color has-alpha-channel-opacity has-background is-style-wide\" style=\"background-color:#e47521;color:#e47521\"\/>\n\n\n\n<h3 class=\"wp-block-heading\" id=\"logo\">Logo<\/h3>\n\n\n\n<figure class=\"wp-block-gallery has-nested-images columns-default is-cropped wp-block-gallery-1 is-layout-flex wp-block-gallery-is-layout-flex\">\n<figure class=\"wp-block-image alignfull size-full\"><a href=\"https:\/\/rrhhjustucuman.com.ar\/site\/wp-content\/uploads\/2023\/09\/image.png\"><img loading=\"lazy\" decoding=\"async\" width=\"554\" height=\"117\" data-id=\"668\" src=\"https:\/\/rrhhjustucuman.com.ar\/site\/wp-content\/uploads\/2023\/09\/image.png\" alt=\"\" class=\"wp-image-668\" srcset=\"https:\/\/rrhhjustucuman.com.ar\/site\/wp-content\/uploads\/2023\/09\/image.png 554w, https:\/\/rrhhjustucuman.com.ar\/site\/wp-content\/uploads\/2023\/09\/image-300x63.png 300w\" sizes=\"auto, (max-width: 554px) 100vw, 554px\" \/><\/a><\/figure>\n<\/figure>\n<\/div>\n\n\n\n<p class=\"has-text-align-justify has-medium-font-size\">La Direcci\u00f3n de Recursos Humanos del Poder Judicial de Tucum\u00e1n es una oficina clave dentro del crecimiento y organizaci\u00f3n de la instituci\u00f3n. Est\u00e1 representada&nbsp; en este isologotipo (s\u00edmbolos y tipograf\u00eda) que concentra los pilares fundamentales de las funciones que se realizan en esta oficina.<\/p>\n\n\n\n<p class=\"has-text-align-justify has-medium-font-size\">La forma circular refleja la importancia de las relaciones humanas para lograr la inclusi\u00f3n de todos los integrantes del Poder Judicial y de los que sin serlo, desean incorporarse a esta instituci\u00f3n. El c\u00edrculo con personas&nbsp; hace hincapi\u00e9 en la b\u00fasqueda constante de la satisfacci\u00f3n, estabilidad, armon\u00eda, equilibrio y uni\u00f3n de todos los que trabajan en ella.<\/p>\n\n\n\n<p class=\"has-text-align-justify has-medium-font-size\">Los colores elegidos tienen su significado. El naranja nace de la combinaci\u00f3n del <a href=\"https:\/\/significado-del-color.com\/amarillo\/\">amarillo<\/a> y del <a href=\"https:\/\/significado-del-color.com\/rojo\/\">rojo<\/a>. El primero representa belleza y el segundo amor, pasi\u00f3n y fuerza. Es la combinaci\u00f3n de ambos, por eso est\u00e1 lleno de energ\u00eda. Es el principal estimulante de la creatividad, de la alegr\u00eda y del crecimiento que conducen a la eficiencia y al \u00e9xito. Es un color desafiante que posee una inmensa energ\u00eda.<\/p>\n\n\n\n<p class=\"has-text-align-justify has-medium-font-size\">El gris es el t\u00e9rmino medio entre el blanco y el negro. Representa la neutralidad y el equilibrio. Se utiliza para denotar equidad y&nbsp; sabidur\u00eda. Es el color de la madurez, la neutralidad y la capacidad de adaptaci\u00f3n.<\/p>\n\n\n\n<p class=\"has-medium-font-size\">El gris claro tranquiliza y puede considerarse como portador de esperanza.<\/p>\n\n\n\n<p class=\"has-medium-font-size\">As\u00ed explicado este isologotipo cumple con todas las condiciones necesarias y fundamentales para representar a esta Direcci\u00f3n de Recursos Humanos con total coherencia, profesionalismo y seriedad.<\/p>\n\n\n\n<p><\/p>\n\n\n\n<p><\/p>\n\n\n\n<hr class=\"wp-block-separator has-text-color has-alpha-channel-opacity has-background is-style-wide\" style=\"background-color:#e47521;color:#e47521\"\/>\n\n\n\n<h3 class=\"wp-block-heading has-text-align-left\" id=\"estructura\">Estructura<\/h3>\n\n\n\n<div style=\"height:33px\" aria-hidden=\"true\" class=\"wp-block-spacer\"><\/div>\n\n\n\n<div class=\"wp-block-group alignfull\"><div class=\"wp-block-group__inner-container is-layout-constrained wp-block-group-is-layout-constrained\"><div class=\"wp-block-image is-style-default\">\n<figure class=\"aligncenter size-full is-resized\"><a href=\"https:\/\/rrhhjustucuman.com.ar\/site\/wp-content\/uploads\/2023\/09\/foto-institucional-1024x640.jpeg\" target=\"_blank\" rel=\"noopener\"><img loading=\"lazy\" decoding=\"async\" width=\"1457\" height=\"911\" src=\"https:\/\/rrhhjustucuman.com.ar\/site\/wp-content\/uploads\/2023\/09\/foto-institucional.jpeg\" alt=\"\" class=\"wp-image-1070\" style=\"object-fit:cover;width:914px;height:571px\" srcset=\"https:\/\/rrhhjustucuman.com.ar\/site\/wp-content\/uploads\/2023\/09\/foto-institucional.jpeg 1457w, https:\/\/rrhhjustucuman.com.ar\/site\/wp-content\/uploads\/2023\/09\/foto-institucional-300x188.jpeg 300w, https:\/\/rrhhjustucuman.com.ar\/site\/wp-content\/uploads\/2023\/09\/foto-institucional-1024x640.jpeg 1024w, https:\/\/rrhhjustucuman.com.ar\/site\/wp-content\/uploads\/2023\/09\/foto-institucional-768x480.jpeg 768w, https:\/\/rrhhjustucuman.com.ar\/site\/wp-content\/uploads\/2023\/09\/foto-institucional-24x15.jpeg 24w, https:\/\/rrhhjustucuman.com.ar\/site\/wp-content\/uploads\/2023\/09\/foto-institucional-36x23.jpeg 36w, https:\/\/rrhhjustucuman.com.ar\/site\/wp-content\/uploads\/2023\/09\/foto-institucional-48x30.jpeg 48w\" sizes=\"auto, (max-width: 1457px) 100vw, 1457px\" \/><\/a><\/figure>\n<\/div><\/div><\/div>\n\n\n\n<div style=\"height:74px\" aria-hidden=\"true\" class=\"wp-block-spacer\"><\/div>\n\n\n\n<figure class=\"wp-block-image alignfull size-full\"><a href=\"https:\/\/rrhhjustucuman.com.ar\/site\/wp-content\/uploads\/2026\/03\/organigramarrhh-scaled.png\" target=\"_blank\" rel=\"noreferrer noopener\"><img loading=\"lazy\" decoding=\"async\" width=\"2560\" height=\"1296\" src=\"https:\/\/rrhhjustucuman.com.ar\/site\/wp-content\/uploads\/2026\/03\/organigramarrhh-scaled.png\" alt=\"\" class=\"wp-image-1864\" srcset=\"https:\/\/rrhhjustucuman.com.ar\/site\/wp-content\/uploads\/2026\/03\/organigramarrhh-scaled.png 2560w, https:\/\/rrhhjustucuman.com.ar\/site\/wp-content\/uploads\/2026\/03\/organigramarrhh-300x152.png 300w, https:\/\/rrhhjustucuman.com.ar\/site\/wp-content\/uploads\/2026\/03\/organigramarrhh-1024x518.png 1024w, https:\/\/rrhhjustucuman.com.ar\/site\/wp-content\/uploads\/2026\/03\/organigramarrhh-768x389.png 768w, https:\/\/rrhhjustucuman.com.ar\/site\/wp-content\/uploads\/2026\/03\/organigramarrhh-1536x778.png 1536w, https:\/\/rrhhjustucuman.com.ar\/site\/wp-content\/uploads\/2026\/03\/organigramarrhh-2048x1037.png 2048w, https:\/\/rrhhjustucuman.com.ar\/site\/wp-content\/uploads\/2026\/03\/organigramarrhh-24x12.png 24w, https:\/\/rrhhjustucuman.com.ar\/site\/wp-content\/uploads\/2026\/03\/organigramarrhh-36x18.png 36w, https:\/\/rrhhjustucuman.com.ar\/site\/wp-content\/uploads\/2026\/03\/organigramarrhh-48x24.png 48w\" sizes=\"auto, (max-width: 2560px) 100vw, 2560px\" \/><\/a><\/figure>\n\n\n\n<div style=\"height:100px\" aria-hidden=\"true\" class=\"wp-block-spacer\"><\/div>\n","protected":false},"excerpt":{"rendered":"<p>Misi\u00f3n Incorporar, integrar, guiar y motivar a los\/las integrantes del Poder Judicial de Tucum\u00e1n, fomentando el bienestar y la realizaci\u00f3n personal y profesional, para as\u00ed lograr un aporte positivo al servicio de justicia. Visi\u00f3n Ser en el a\u00f1o 2030 una Direcci\u00f3n de referencia nacional, l\u00edder en la implementaci\u00f3n de pol\u00edticas de Recursos Humanos con perspectiva&hellip;&nbsp;<\/p>\n","protected":false},"author":3,"featured_media":0,"parent":0,"menu_order":0,"comment_status":"closed","ping_status":"closed","template":"","meta":{"neve_meta_sidebar":"","neve_meta_container":"","neve_meta_enable_content_width":"","neve_meta_content_width":0,"neve_meta_title_alignment":"","neve_meta_author_avatar":"","neve_post_elements_order":"","neve_meta_disable_header":"","neve_meta_disable_footer":"","neve_meta_disable_title":"","footnotes":""},"class_list":["post-134","page","type-page","status-publish","hentry"],"jetpack_sharing_enabled":true,"_links":{"self":[{"href":"https:\/\/rrhhjustucuman.com.ar\/site\/wp-json\/wp\/v2\/pages\/134","targetHints":{"allow":["GET"]}}],"collection":[{"href":"https:\/\/rrhhjustucuman.com.ar\/site\/wp-json\/wp\/v2\/pages"}],"about":[{"href":"https:\/\/rrhhjustucuman.com.ar\/site\/wp-json\/wp\/v2\/types\/page"}],"author":[{"embeddable":true,"href":"https:\/\/rrhhjustucuman.com.ar\/site\/wp-json\/wp\/v2\/users\/3"}],"replies":[{"embeddable":true,"href":"https:\/\/rrhhjustucuman.com.ar\/site\/wp-json\/wp\/v2\/comments?post=134"}],"version-history":[{"count":112,"href":"https:\/\/rrhhjustucuman.com.ar\/site\/wp-json\/wp\/v2\/pages\/134\/revisions"}],"predecessor-version":[{"id":1866,"href":"https:\/\/rrhhjustucuman.com.ar\/site\/wp-json\/wp\/v2\/pages\/134\/revisions\/1866"}],"wp:attachment":[{"href":"https:\/\/rrhhjustucuman.com.ar\/site\/wp-json\/wp\/v2\/media?parent=134"}],"curies":[{"name":"wp","href":"https:\/\/api.w.org\/{rel}","templated":true}]}}