{"id":1647,"date":"2024-05-24T11:13:35","date_gmt":"2024-05-24T14:13:35","guid":{"rendered":"https:\/\/rrhhjustucuman.com.ar\/site\/?page_id=1647"},"modified":"2025-06-23T09:47:53","modified_gmt":"2025-06-23T12:47:53","slug":"evaluaciones-internas-con-orden-de-merito-vencido","status":"publish","type":"page","link":"https:\/\/rrhhjustucuman.com.ar\/site\/evaluaciones-internas-con-orden-de-merito-vencido\/","title":{"rendered":"Evaluaciones internas con orden de m\u00e9rito vencido"},"content":{"rendered":"\n<hr class=\"wp-block-separator has-text-color has-alpha-channel-opacity has-background is-style-wide\" style=\"background-color:#ff9050;color:#ff9050\"\/>\n\n\n\n<div style=\"height:24px\" aria-hidden=\"true\" class=\"wp-block-spacer\"><\/div>\n\n\n\n<div class=\"wp-block-group is-layout-flex wp-block-group-is-layout-flex\">\n<figure class=\"wp-block-image size-thumbnail is-resized hide-on-mobile\"><img loading=\"lazy\" decoding=\"async\" width=\"150\" height=\"150\" src=\"https:\/\/rrhhjustucuman.com.ar\/site\/wp-content\/uploads\/2023\/10\/icon-SECRETARIO-DE-CORTE-150x150.png\" alt=\"\" class=\"wp-image-1341\" style=\"width:90px;height:undefinedpx\" srcset=\"https:\/\/rrhhjustucuman.com.ar\/site\/wp-content\/uploads\/2023\/10\/icon-SECRETARIO-DE-CORTE-150x150.png 150w, https:\/\/rrhhjustucuman.com.ar\/site\/wp-content\/uploads\/2023\/10\/icon-SECRETARIO-DE-CORTE-300x300.png 300w, https:\/\/rrhhjustucuman.com.ar\/site\/wp-content\/uploads\/2023\/10\/icon-SECRETARIO-DE-CORTE-24x24.png 24w, https:\/\/rrhhjustucuman.com.ar\/site\/wp-content\/uploads\/2023\/10\/icon-SECRETARIO-DE-CORTE-36x36.png 36w, https:\/\/rrhhjustucuman.com.ar\/site\/wp-content\/uploads\/2023\/10\/icon-SECRETARIO-DE-CORTE-48x48.png 48w, https:\/\/rrhhjustucuman.com.ar\/site\/wp-content\/uploads\/2023\/10\/icon-SECRETARIO-DE-CORTE.png 567w\" sizes=\"auto, (max-width: 150px) 100vw, 150px\" \/><\/figure>\n\n\n\n<p class=\"has-medium-font-size\"><a href=\"https:\/\/www.justucuman.gov.ar\/concursos\/88\/view\" target=\"_blank\" rel=\"noreferrer noopener\">Secretario\/a de Corte (cat. 6.02) \u2013 Oficina de Jurisprudencia y Legislaci\u00f3n \u2013 C.J. Capital y Este- A\u00f1o 2023<\/a> <\/p>\n<\/div>\n\n\n\n<div class=\"wp-block-group is-content-justification-left is-nowrap is-layout-flex wp-container-core-group-is-layout-f56a869c wp-block-group-is-layout-flex\">\n<figure class=\"wp-block-image size-full is-resized\"><a href=\"https:\/\/rrhhjustucuman.com.ar\/site\/wp-content\/uploads\/2023\/10\/icon-AYUDANTE-JUDICIAL.png\"><img loading=\"lazy\" decoding=\"async\" width=\"567\" height=\"567\" src=\"https:\/\/rrhhjustucuman.com.ar\/site\/wp-content\/uploads\/2023\/10\/icon-AYUDANTE-JUDICIAL.png\" alt=\"\" class=\"wp-image-1330\" style=\"object-fit:cover;width:90px;height:90px\" srcset=\"https:\/\/rrhhjustucuman.com.ar\/site\/wp-content\/uploads\/2023\/10\/icon-AYUDANTE-JUDICIAL.png 567w, https:\/\/rrhhjustucuman.com.ar\/site\/wp-content\/uploads\/2023\/10\/icon-AYUDANTE-JUDICIAL-300x300.png 300w, https:\/\/rrhhjustucuman.com.ar\/site\/wp-content\/uploads\/2023\/10\/icon-AYUDANTE-JUDICIAL-150x150.png 150w, https:\/\/rrhhjustucuman.com.ar\/site\/wp-content\/uploads\/2023\/10\/icon-AYUDANTE-JUDICIAL-24x24.png 24w, https:\/\/rrhhjustucuman.com.ar\/site\/wp-content\/uploads\/2023\/10\/icon-AYUDANTE-JUDICIAL-36x36.png 36w, https:\/\/rrhhjustucuman.com.ar\/site\/wp-content\/uploads\/2023\/10\/icon-AYUDANTE-JUDICIAL-48x48.png 48w\" sizes=\"auto, (max-width: 567px) 100vw, 567px\" \/><\/a><\/figure>\n\n\n\n<p class=\"has-medium-font-size\"><a href=\"https:\/\/www.justucuman.gov.ar\/concursos\/74\/view\" target=\"_blank\" rel=\"noreferrer noopener\">Evaluaci\u00f3n Interna voluntaria al personal Obrero y de Maestranza para pasar al Estamento Administrativo &#8211; A\u00f1o 2020<\/a><\/p>\n<\/div>\n\n\n\n<p><\/p>\n","protected":false},"excerpt":{"rendered":"<p>Secretario\/a de Corte (cat. 6.02) \u2013 Oficina de Jurisprudencia y Legislaci\u00f3n \u2013 C.J. Capital y Este- A\u00f1o 2023 Evaluaci\u00f3n Interna voluntaria al personal Obrero y de Maestranza para pasar al Estamento Administrativo &#8211; A\u00f1o 2020<\/p>\n","protected":false},"author":5,"featured_media":0,"parent":0,"menu_order":0,"comment_status":"closed","ping_status":"closed","template":"","meta":{"neve_meta_sidebar":"","neve_meta_container":"","neve_meta_enable_content_width":"","neve_meta_content_width":0,"neve_meta_title_alignment":"","neve_meta_author_avatar":"","neve_post_elements_order":"","neve_meta_disable_header":"","neve_meta_disable_footer":"","neve_meta_disable_title":"","footnotes":""},"class_list":["post-1647","page","type-page","status-publish","hentry"],"jetpack_sharing_enabled":true,"_links":{"self":[{"href":"https:\/\/rrhhjustucuman.com.ar\/site\/wp-json\/wp\/v2\/pages\/1647","targetHints":{"allow":["GET"]}}],"collection":[{"href":"https:\/\/rrhhjustucuman.com.ar\/site\/wp-json\/wp\/v2\/pages"}],"about":[{"href":"https:\/\/rrhhjustucuman.com.ar\/site\/wp-json\/wp\/v2\/types\/page"}],"author":[{"embeddable":true,"href":"https:\/\/rrhhjustucuman.com.ar\/site\/wp-json\/wp\/v2\/users\/5"}],"replies":[{"embeddable":true,"href":"https:\/\/rrhhjustucuman.com.ar\/site\/wp-json\/wp\/v2\/comments?post=1647"}],"version-history":[{"count":6,"href":"https:\/\/rrhhjustucuman.com.ar\/site\/wp-json\/wp\/v2\/pages\/1647\/revisions"}],"predecessor-version":[{"id":1813,"href":"https:\/\/rrhhjustucuman.com.ar\/site\/wp-json\/wp\/v2\/pages\/1647\/revisions\/1813"}],"wp:attachment":[{"href":"https:\/\/rrhhjustucuman.com.ar\/site\/wp-json\/wp\/v2\/media?parent=1647"}],"curies":[{"name":"wp","href":"https:\/\/api.w.org\/{rel}","templated":true}]}}

Evaluaciones internas con orden de mérito vencido

<hr class="wp-block-separator has-text-color has-alpha-channel-opacity has-background is-style-wide" style="background-color:#ff9050;color:#ff9050"/>



<div style="height:24px" aria-hidden="true" class="wp-block-spacer"></div>



<div class="wp-block-group is-layout-flex wp-block-group-is-layout-flex">
<figure class="wp-block-image size-thumbnail is-resized hide-on-mobile"><img loading="lazy" decoding="async" width="150" height="150" src="https://rrhhjustucuman.com.ar/site/wp-content/uploads/2023/10/icon-SECRETARIO-DE-CORTE-150x150.png" alt="" class="wp-image-1341" style="width:90px;height:undefinedpx" srcset="https://rrhhjustucuman.com.ar/site/wp-content/uploads/2023/10/icon-SECRETARIO-DE-CORTE-150x150.png 150w, https://rrhhjustucuman.com.ar/site/wp-content/uploads/2023/10/icon-SECRETARIO-DE-CORTE-300x300.png 300w, https://rrhhjustucuman.com.ar/site/wp-content/uploads/2023/10/icon-SECRETARIO-DE-CORTE-24x24.png 24w, https://rrhhjustucuman.com.ar/site/wp-content/uploads/2023/10/icon-SECRETARIO-DE-CORTE-36x36.png 36w, https://rrhhjustucuman.com.ar/site/wp-content/uploads/2023/10/icon-SECRETARIO-DE-CORTE-48x48.png 48w, https://rrhhjustucuman.com.ar/site/wp-content/uploads/2023/10/icon-SECRETARIO-DE-CORTE.png 567w" sizes="auto, (max-width: 150px) 100vw, 150px" /></figure>



<p class="has-medium-font-size"><a href="https://www.justucuman.gov.ar/concursos/88/view" target="_blank" rel="noreferrer noopener">Secretario/a de Corte (cat. 6.02) – Oficina de Jurisprudencia y Legislación – C.J. Capital y Este- Año 2023</a> </p>
</div>



<div class="wp-block-group is-content-justification-left is-nowrap is-layout-flex wp-container-core-group-is-layout-f56a869c wp-block-group-is-layout-flex">
<figure class="wp-block-image size-full is-resized"><a href="https://rrhhjustucuman.com.ar/site/wp-content/uploads/2023/10/icon-AYUDANTE-JUDICIAL.png"><img loading="lazy" decoding="async" width="567" height="567" src="https://rrhhjustucuman.com.ar/site/wp-content/uploads/2023/10/icon-AYUDANTE-JUDICIAL.png" alt="" class="wp-image-1330" style="object-fit:cover;width:90px;height:90px" srcset="https://rrhhjustucuman.com.ar/site/wp-content/uploads/2023/10/icon-AYUDANTE-JUDICIAL.png 567w, https://rrhhjustucuman.com.ar/site/wp-content/uploads/2023/10/icon-AYUDANTE-JUDICIAL-300x300.png 300w, https://rrhhjustucuman.com.ar/site/wp-content/uploads/2023/10/icon-AYUDANTE-JUDICIAL-150x150.png 150w, https://rrhhjustucuman.com.ar/site/wp-content/uploads/2023/10/icon-AYUDANTE-JUDICIAL-24x24.png 24w, https://rrhhjustucuman.com.ar/site/wp-content/uploads/2023/10/icon-AYUDANTE-JUDICIAL-36x36.png 36w, https://rrhhjustucuman.com.ar/site/wp-content/uploads/2023/10/icon-AYUDANTE-JUDICIAL-48x48.png 48w" sizes="auto, (max-width: 567px) 100vw, 567px" /></a></figure>



<p class="has-medium-font-size"><a href="https://www.justucuman.gov.ar/concursos/74/view" target="_blank" rel="noreferrer noopener">Evaluación Interna voluntaria al personal Obrero y de Maestranza para pasar al Estamento Administrativo &#8211; Año 2020</a></p>
</div>



<p></p>

<p>Secretario/a de Corte (cat. 6.02) – Oficina de Jurisprudencia y Legislación – C.J. Capital y Este- Año 2023 Evaluación Interna voluntaria al personal Obrero y de Maestranza para pasar al Estamento Administrativo &#8211; Año 2020</p>
