{"id":751,"date":"2023-09-04T11:53:38","date_gmt":"2023-09-04T14:53:38","guid":{"rendered":"https:\/\/rrhhjustucuman.com.ar\/site\/?page_id=751"},"modified":"2024-04-10T09:16:03","modified_gmt":"2024-04-10T12:16:03","slug":"concursos-para-empleados-administrativos","status":"publish","type":"page","link":"https:\/\/rrhhjustucuman.com.ar\/site\/concursos-para-empleados-administrativos\/","title":{"rendered":"Concursos para funcionarios\/as"},"content":{"rendered":"\n<hr class=\"wp-block-separator has-text-color has-alpha-channel-opacity has-background is-style-wide\" style=\"background-color:#fda831;color:#fda831\"\/>\n\n\n\n<div class=\"wp-block-group is-layout-flex wp-block-group-is-layout-flex\">\n<figure class=\"wp-block-image size-full is-resized hide-on-mobile\"><img loading=\"lazy\" decoding=\"async\" width=\"567\" height=\"567\" src=\"https:\/\/rrhhjustucuman.com.ar\/site\/wp-content\/uploads\/2023\/10\/icon-nuevo-concurso-funcionario.png\" alt=\"\" class=\"wp-image-1336\" style=\"width:90px;height:undefinedpx\" srcset=\"https:\/\/rrhhjustucuman.com.ar\/site\/wp-content\/uploads\/2023\/10\/icon-nuevo-concurso-funcionario.png 567w, https:\/\/rrhhjustucuman.com.ar\/site\/wp-content\/uploads\/2023\/10\/icon-nuevo-concurso-funcionario-300x300.png 300w, https:\/\/rrhhjustucuman.com.ar\/site\/wp-content\/uploads\/2023\/10\/icon-nuevo-concurso-funcionario-150x150.png 150w, https:\/\/rrhhjustucuman.com.ar\/site\/wp-content\/uploads\/2023\/10\/icon-nuevo-concurso-funcionario-24x24.png 24w, https:\/\/rrhhjustucuman.com.ar\/site\/wp-content\/uploads\/2023\/10\/icon-nuevo-concurso-funcionario-36x36.png 36w, https:\/\/rrhhjustucuman.com.ar\/site\/wp-content\/uploads\/2023\/10\/icon-nuevo-concurso-funcionario-48x48.png 48w\" sizes=\"auto, (max-width: 567px) 100vw, 567px\" \/><\/figure>\n\n\n\n<div style=\"height:100px;width:15px\" aria-hidden=\"true\" class=\"wp-block-spacer hide-on-mobile wp-container-content-42c95ffb\"><\/div>\n\n\n\n<p class=\"has-medium-font-size\"><a href=\"https:\/\/rrhhjustucuman.com.ar\/site\/concursos-para-cargos-administrativos-con-inscripcion-abierta\/\" data-type=\"page\" data-id=\"460\">Nuevos concursos<\/a><\/p>\n<\/div>\n\n\n\n<div style=\"height:10px\" aria-hidden=\"true\" class=\"wp-block-spacer\"><\/div>\n\n\n\n<div class=\"wp-block-group is-layout-flex wp-block-group-is-layout-flex\">\n<figure class=\"wp-block-image size-full is-resized hide-on-mobile\"><img loading=\"lazy\" decoding=\"async\" width=\"567\" height=\"567\" src=\"https:\/\/rrhhjustucuman.com.ar\/site\/wp-content\/uploads\/2023\/10\/icon-concurso-en-tramite.png\" alt=\"\" class=\"wp-image-1337\" style=\"width:90px;height:undefinedpx\" srcset=\"https:\/\/rrhhjustucuman.com.ar\/site\/wp-content\/uploads\/2023\/10\/icon-concurso-en-tramite.png 567w, https:\/\/rrhhjustucuman.com.ar\/site\/wp-content\/uploads\/2023\/10\/icon-concurso-en-tramite-300x300.png 300w, https:\/\/rrhhjustucuman.com.ar\/site\/wp-content\/uploads\/2023\/10\/icon-concurso-en-tramite-150x150.png 150w, https:\/\/rrhhjustucuman.com.ar\/site\/wp-content\/uploads\/2023\/10\/icon-concurso-en-tramite-24x24.png 24w, https:\/\/rrhhjustucuman.com.ar\/site\/wp-content\/uploads\/2023\/10\/icon-concurso-en-tramite-36x36.png 36w, https:\/\/rrhhjustucuman.com.ar\/site\/wp-content\/uploads\/2023\/10\/icon-concurso-en-tramite-48x48.png 48w\" sizes=\"auto, (max-width: 567px) 100vw, 567px\" \/><\/figure>\n\n\n\n<div style=\"height:100px;width:16px\" aria-hidden=\"true\" class=\"wp-block-spacer hide-on-mobile wp-container-content-f9bd05ee\"><\/div>\n\n\n\n<p class=\"has-medium-font-size\"><a href=\"https:\/\/rrhhjustucuman.com.ar\/site\/concursos-para-cargos-administrativos-en-tramite\/\" data-type=\"page\" data-id=\"475\">Concursos en tr\u00e1mite<\/a><\/p>\n<\/div>\n\n\n\n<div style=\"height:10px\" aria-hidden=\"true\" class=\"wp-block-spacer\"><\/div>\n\n\n\n<div class=\"wp-block-group is-layout-flex wp-block-group-is-layout-flex\">\n<figure class=\"wp-block-image size-full is-resized hide-on-mobile\"><img loading=\"lazy\" decoding=\"async\" width=\"567\" height=\"567\" src=\"https:\/\/rrhhjustucuman.com.ar\/site\/wp-content\/uploads\/2023\/10\/icon-conc-OM-VIGENTE.png\" alt=\"\" class=\"wp-image-1340\" style=\"width:90px;height:undefinedpx\" srcset=\"https:\/\/rrhhjustucuman.com.ar\/site\/wp-content\/uploads\/2023\/10\/icon-conc-OM-VIGENTE.png 567w, https:\/\/rrhhjustucuman.com.ar\/site\/wp-content\/uploads\/2023\/10\/icon-conc-OM-VIGENTE-300x300.png 300w, https:\/\/rrhhjustucuman.com.ar\/site\/wp-content\/uploads\/2023\/10\/icon-conc-OM-VIGENTE-150x150.png 150w, https:\/\/rrhhjustucuman.com.ar\/site\/wp-content\/uploads\/2023\/10\/icon-conc-OM-VIGENTE-24x24.png 24w, https:\/\/rrhhjustucuman.com.ar\/site\/wp-content\/uploads\/2023\/10\/icon-conc-OM-VIGENTE-36x36.png 36w, https:\/\/rrhhjustucuman.com.ar\/site\/wp-content\/uploads\/2023\/10\/icon-conc-OM-VIGENTE-48x48.png 48w\" sizes=\"auto, (max-width: 567px) 100vw, 567px\" \/><\/figure>\n\n\n\n<div style=\"height:100px;width:28px\" aria-hidden=\"true\" class=\"wp-block-spacer hide-on-mobile wp-container-content-f9bd05ee\"><\/div>\n\n\n\n<p class=\"has-medium-font-size\"><a href=\"https:\/\/rrhhjustucuman.com.ar\/site\/concursos-para-cargos-de-funcionarios-con-orden-de-merito-vigente\/\" data-type=\"page\" data-id=\"485\">Concursos finalizados con orden de m\u00e9rito vigente<\/a><\/p>\n<\/div>\n\n\n\n<div style=\"height:10px\" aria-hidden=\"true\" class=\"wp-block-spacer\"><\/div>\n\n\n\n<div class=\"wp-block-group is-layout-flex wp-block-group-is-layout-flex\">\n<figure class=\"wp-block-image size-full is-resized hide-on-mobile\"><img loading=\"lazy\" decoding=\"async\" width=\"567\" height=\"567\" src=\"https:\/\/rrhhjustucuman.com.ar\/site\/wp-content\/uploads\/2023\/10\/icon-conc-OM-VENCIDO.png\" alt=\"\" class=\"wp-image-1338\" style=\"width:90px;height:undefinedpx\" srcset=\"https:\/\/rrhhjustucuman.com.ar\/site\/wp-content\/uploads\/2023\/10\/icon-conc-OM-VENCIDO.png 567w, https:\/\/rrhhjustucuman.com.ar\/site\/wp-content\/uploads\/2023\/10\/icon-conc-OM-VENCIDO-300x300.png 300w, https:\/\/rrhhjustucuman.com.ar\/site\/wp-content\/uploads\/2023\/10\/icon-conc-OM-VENCIDO-150x150.png 150w, https:\/\/rrhhjustucuman.com.ar\/site\/wp-content\/uploads\/2023\/10\/icon-conc-OM-VENCIDO-24x24.png 24w, https:\/\/rrhhjustucuman.com.ar\/site\/wp-content\/uploads\/2023\/10\/icon-conc-OM-VENCIDO-36x36.png 36w, https:\/\/rrhhjustucuman.com.ar\/site\/wp-content\/uploads\/2023\/10\/icon-conc-OM-VENCIDO-48x48.png 48w\" sizes=\"auto, (max-width: 567px) 100vw, 567px\" \/><\/figure>\n\n\n\n<div style=\"height:100px;width:0px\" aria-hidden=\"true\" class=\"wp-block-spacer hide-on-mobile wp-container-content-f9bd05ee\"><\/div>\n\n\n\n<p class=\"has-medium-font-size\"><a href=\"https:\/\/rrhhjustucuman.com.ar\/site\/concursos-para-cargos-de-funcionarios-con-orden-de-merito-vencido\/\" data-type=\"page\" data-id=\"522\">Concursos finalizados con orden de m\u00e9rito vencido<\/a><\/p>\n<\/div>\n","protected":false},"excerpt":{"rendered":"<p>Nuevos concursos Concursos en tr\u00e1mite Concursos finalizados con orden de m\u00e9rito vigente Concursos finalizados con orden de m\u00e9rito vencido<\/p>\n","protected":false},"author":2,"featured_media":0,"parent":0,"menu_order":0,"comment_status":"closed","ping_status":"closed","template":"","meta":{"neve_meta_sidebar":"","neve_meta_container":"","neve_meta_enable_content_width":"","neve_meta_content_width":0,"neve_meta_title_alignment":"","neve_meta_author_avatar":"","neve_post_elements_order":"","neve_meta_disable_header":"","neve_meta_disable_footer":"","neve_meta_disable_title":"","footnotes":""},"class_list":["post-751","page","type-page","status-publish","hentry"],"jetpack_sharing_enabled":true,"_links":{"self":[{"href":"https:\/\/rrhhjustucuman.com.ar\/site\/wp-json\/wp\/v2\/pages\/751","targetHints":{"allow":["GET"]}}],"collection":[{"href":"https:\/\/rrhhjustucuman.com.ar\/site\/wp-json\/wp\/v2\/pages"}],"about":[{"href":"https:\/\/rrhhjustucuman.com.ar\/site\/wp-json\/wp\/v2\/types\/page"}],"author":[{"embeddable":true,"href":"https:\/\/rrhhjustucuman.com.ar\/site\/wp-json\/wp\/v2\/users\/2"}],"replies":[{"embeddable":true,"href":"https:\/\/rrhhjustucuman.com.ar\/site\/wp-json\/wp\/v2\/comments?post=751"}],"version-history":[{"count":5,"href":"https:\/\/rrhhjustucuman.com.ar\/site\/wp-json\/wp\/v2\/pages\/751\/revisions"}],"predecessor-version":[{"id":1471,"href":"https:\/\/rrhhjustucuman.com.ar\/site\/wp-json\/wp\/v2\/pages\/751\/revisions\/1471"}],"wp:attachment":[{"href":"https:\/\/rrhhjustucuman.com.ar\/site\/wp-json\/wp\/v2\/media?parent=751"}],"curies":[{"name":"wp","href":"https:\/\/api.w.org\/{rel}","templated":true}]}}